he prime factors of 12362514.
2, 3, 37, 233, 239
What are the prime factors of 28886?
2, 11, 13, 101
What are the prime factors of 2279521?
1451, 1571
What are the prime factors of 84688?
2, 67, 79
List the prime factors of 8547123.
3, 13, 67, 3271
List the prime factors of 1319656.
2, 13, 12689
List the prime factors of 17176310.
2, 5, 1717631
List the prime factors of 2964221.
13, 107, 2131
What are the prime factors of 187941?
3, 13, 61, 79
List the prime factors of 1851346.
2, 7, 223, 593
What are the prime factors of 24595141?
17, 83, 17431
What are the prime factors of 14344809?
3, 263, 18181
What are the prime factors of 3989333?
3989333
What are the prime factors of 3061151?
1471, 2081
List the prime factors of 151554.
2, 3, 13, 29, 67
What are the prime factors of 4742038?
2, 7, 338717
What are the prime factors of 2008171?
11, 182561
List the prime factors of 3025871.
3025871
List the prime factors of 74959.
74959
List the prime factors of 22351865.
5, 71, 79, 797
List the prime factors of 734911.
734911
What are the prime factors of 5363274?
2, 3, 7, 277, 461
List the prime factors of 147127.
167, 881
What are the prime factors of 28470?
2, 3, 5, 13, 73
What are the prime factors of 818209?
7, 179, 653
List the prime factors of 225984.
2, 3, 11, 107
What are the prime factors of 2768156?
2, 41, 16879
List the prime factors of 11252005.
5, 2250401
List the prime factors of 395972.
2, 98993
List the prime factors of 3876906.
2, 3, 11, 58741
List the prime factors of 419770.
2, 5, 13, 3229
What are the prime factors of 11152334?
2, 5576167
What are the prime factors of 633606?
2, 3, 105601
List the prime factors of 509458.
2, 254729
List the prime factors of 3347184.
2, 3, 137, 509
What are the prime factors of 5880165?
3, 5, 392011
What are the prime factors of 718182?
2, 3, 17, 2347
List the prime factors of 341926.
2, 13, 13151
What are the prime factors of 21476648?
2, 71, 37811
What are the prime factors of 986022?
2, 3, 54779
What are the prime factors of 30071932?
2, 11, 683453
List the prime factors of 913336.
2, 114167
List the prime factors of 4966906.
2, 7, 354779
List the prime factors of 173554.
2, 107, 811
What are the prime factors of 30583320?
2, 3, 5, 43, 5927
List the prime factors of 295526.
2, 7, 11, 19, 101
List the prime factors of 1785544.
2, 17, 19, 691
What are the prime factors of 9677103?
3, 149, 21649
List the prime factors of 622818.
2, 3, 7, 4943
List the prime factors of 4525271.
193, 23447
List the prime factors of 204985.
5, 11, 3727
List the prime factors of 786119.
293, 2683
What are the prime factors of 518802?
2, 3, 86467
List the prime factors of 3981203.
19, 317, 661
What are the prime factors of 3012594?
2, 3, 13, 2971
List the prime factors of 1149585.
3, 5, 173, 443
List the prime factors of 274960.
2, 5, 7, 491
List the prime factors of 178957.
67, 2671
List the prime factors of 1008127.
29, 34763
List the prime factors of 287101.
53, 5417
What are the prime factors of 399284?
2, 173, 577
What are the prime factors of 126728?
2, 7, 31, 73
What are the prime factors of 943410?
2, 3, 5, 13, 41, 59
List the prime factors of 5740341.
3, 1913447
What are the prime factors of 4904356?
2, 19, 47, 1373
List the prime factors of 497160.
2, 3, 5, 1381
What are the prime factors of 1257704?
2, 7, 37, 607
List the prime factors of 6348788.
2, 1587197
What are the prime factors of 333525?
3, 5, 4447
What are the prime factors of 198019?
71, 2789
List the prime factors of 176661.
3, 727
List the prime factors of 770991.
3, 13, 53, 373
List the prime factors of 9895704.
2, 3, 7, 13, 23, 197
List the prime factors of 1078323.
3, 359441
List the prime factors of 1435696.
2, 61, 1471
What are the prime factors of 277101?
3, 11, 311
What are the prime factors of 1636068?
2, 3, 7, 19477
What are the prime factors of 39255504?
2, 3, 817823
List the prime factors of 9613028.
2, 773, 3109
List the prime factors of 13774903.
13774903
List the prime factors of 379401.
3, 11, 11497
What are the prime factors of 14671500?
2, 3, 5, 9781
List the prime factors of 131942.
2, 37, 1783
List the prime factors of 627085.
5, 167, 751
What are the prime factors of 1055797?
503, 2099
What are the prime factors of 22157224?
2, 263, 10531
List the prime factors of 4594979.
19, 59, 4099
What are the prime factors of 2622328?
2, 181, 1811
List the prime factors of 381222.
2, 3, 21179
List the prime factors of 6405499.
31, 127, 1627
What are the prime factors of 3757558?
2, 7, 239, 1123
List the prime factors of 10896475.
5, 435859
What are the prime factors of 48702?
2, 3, 8117
List the prime factors of 4116056.
2, 7, 31, 2371
List the prime factors of 224477.
11, 20407
List the prime factors of 3063673.
3063673
List the prime factors of 28161675.
3, 5, 13907
List the prime factors of 4394039.
13, 227, 1489
List the prime factors of 19881.
3, 47
What are the prime factors of 1478835?
3, 5, 59, 557
What are the prime factors of 651592?
2, 79, 1031
What are the prime factors of 19097346?
2, 3, 769, 4139
List the prime factors of 9282426.
2, 3, 1039, 1489
What are the prime factors of 603135?
3, 5, 13, 1031
List the prime factors of 300785.
5, 43, 1399
What are the prime factors of 23606?
2, 11, 29, 37
What are the prime factors of 89595?
3, 5, 11, 181
List the prime factors of 5973023.
7, 853289
List the prime factors of 19293548.
2, 103, 46829
List the prime factors of 1215965.
5, 157, 1549
What are the prime factors of 4084326?
2, 3, 226907
List the prime factors of 20104342.
2, 223, 45077
What are the prime factors of 473019?
3, 29, 5437
What are the prime factors of 376452?
2, 3, 10457
List the prime factors of 14499765.
3, 5, 7, 191, 241
What are the prime factors of 1795573?
13, 37, 3733
What are the prime factors of 59939?
11, 5449
What are the prime factors of 246545?
5, 13, 3793
List the prime factors of 3226319.
3226319
What are the prime factors of 21377268?
2, 3, 11, 37, 1459
List the prime factors of 17138.
2, 11, 19, 41
List the prime factors of 1853806.
2, 926903
List the prime factors of 5654055.
3, 5, 11, 34267
List the prime factors of 626157.
3, 7, 3313
What are the prime factors of 8746252?
2, 2186563
List the prime factors of 2366767.
13, 182059
List the prime factors of 4730547.
3, 1576849
What are the prime factors of 2416828?
2, 257, 2351
What are the prime factors of 79486?
2, 11, 3613
List the prime factors of 517064.
2, 64633
List the prime factors of 11386017.
3, 1265113
What are the prime factors of 3214523?
13, 37, 41, 163
List the prime factors of 691690.
2, 5, 263
List the prime factors of 807401.
7, 115343
What are the prime factors of 2369615?
5, 473923
What are the prime factors of 4173011?
59, 70729
List the prime factors of 9012425.
5, 360497
List the prime factors of 245922.
2, 3, 17, 2411
What are the prime factors of 12785021?
12785021
What are the prime factors of 8721111?
3, 7, 601, 691
List the prime factors of 607813.
607813
What are the prime factors of 296793?
3, 7, 673
List the prime factors of 3276775.
5, 131071
List the prime factors of 715876.
2, 7, 37, 691
List the prime factors of 819397.
137, 5981
List the prime factors of 5788230.
2, 3, 5, 7, 43, 641
List the prime factors of 4994550.
2, 3, 5, 11, 1009
List the prime factors of 7602206.
2, 547, 6949
What are the prime factors of 1949814?
2, 3, 149, 727
List the prime factors of 912561.
3, 13, 23399
List the prime factors of 17103382.
2, 19, 31, 14519
What are the prime factors of 38967?
3, 31, 419
What are the prime factors of 27241263?
3, 7, 432401
List the prime factors of 1539066.
2, 3, 199, 1289
List the prime factors of 71060.
2, 5, 11, 17, 19
List the prime factors of 206010.
2, 3, 5, 7, 109
What are the prime factors of 290718?
2, 3, 31, 521
What are the prime factors of 245647?
61, 4027
What are the prime factors of 158236?
2, 13, 17, 179
What are the prime factors of 6751047?
3, 2250349
What are the prime factors of 22215960?
2, 3, 5, 13, 47, 101
List the prime factors of 13074219.
3, 31, 46861
What are the prime factors of 197975?
5, 7919
What are the prime factors of 466963?
7, 19, 3511
List the prime factors of 91019.
91019
List the prime factors of 4574431.
29, 157739
List the prime factors of 8168323.
43, 189961
W